 be a/9*3*-2. Suppose 4*g - 82 = 3*m, n*g + m = 6*g - 42. Calculate the remainder when g is divided by 12.
10
Suppose -18 = 3*f - f. What is the remainder when ((-3)/f)/((-4)/(-444)) is divided by 19?
18
Suppose 5*u + 12 - 2 = 0. Calculate the remainder when (-56)/u + 3 - -1 is divided by 11.
10
What is the remainder when 3*(-92)/(-12)*1 is divided by 8?
7
Let o(q) be the third derivative of q**5/60 - q**4/8 - 7*q**3/3 + 5*q**2. Let a = -19 - -38. Calculate the remainder when o(10) is divided by a.
18
Let p(b) = -5*b**3 - 2*b**2 - b. Let i be p(-1). Suppose -4*n = -157 + 181. What is the remainder when (56/(-12))/(i/n) is divided by 4?
3
Suppose -2*z + 54 = -5*z. Let m = z + 35. Suppose -4*j = -j - 27. Calculate the remainder when m is divided by j.
8
What is the remainder when 61 is divided by (-2)/(60/32 - 2)?
13
Suppose -4*m = -4*d + 84, m = -2*d - 4*m + 42. Calculate the remainder when 81 is divided by d.
18
Let o = 14 + 5. Suppose -4*x + 23 = 3*t, -3*t + 4*t = 4*x + 13. Suppose -59 + t = -5*n. What is the remainder when o is divided by n?
9
Calculate the remainder when 56 - 5/((-15)/(-6)) is divided by 14.
12
Let k = 49 + -46. What is the remainder when 14 is divided by k?
2
Suppose 3 = 7*g - 6*g. Let n = -16 - -18. Calculate the remainder when g is divided by n.
1
Let v(i) = 6*i - 10. Let q(a) = a**3 - 6*a**2 + 2*a + 2. Calculate the remainder when v(6) is divided by q(6).
12
What is the remainder when (-252)/12*(-7)/3 is divided by 10?
9
Let i be 6/4 + 6/(-4). Suppose 7 + i = f. What is the remainder when 18 is divided by f?
4
Let t = 51 - 18. Calculate the remainder when t is divided by 18.
15
Let j = -3 - -12. Suppose -3 = -3*x + j. What is the remainder when 11 is divided by x?
3
Let v = -23 - -38. Suppose -5*w + v = -5*d, 4*d = 4*w + 2*d - 20. Suppose -w*j + 8*j = 33. Calculate the remainder when j is divided by 17.
16
Let r(y) = -y**3 - 8*y**2 - 9*y + 11. Let x = 16 - 2. Calculate the remainder when r(-7) is divided by x.
11
Let g(j) = 5*j**3 + 4*j**2 + 7*j - 8. Let s(l) = l**3 + l**2 + l. Let h(b) = g(b) - 6*s(b). Calculate the remainder when h(-4) is divided by 7.
6
Suppose 2*f + 3*f - 15 = 0. What is the remainder when f is divided by 1?
0
Let d = 9 + 11. Calculate the remainder when -4*(-9)/(-12)*-13 is divided by d.
19
Let r(q) = 15*q**2 - 2. What is the remainder when r(-2) is divided by -2 - (-40)/18 - (-178)/9?
18
Suppose -8*j = -3*j. Let r(u) = u**3 - u**2 - u + 98. Let v be r(j). Suppose 3*f - v = o, 3*f = 4*o + 23 + 81. Calculate the remainder when f is divided by 11.
10
Let f = -180 + 272. Calculate the remainder when f is divided by 19.
16
Suppose 2*n - 8 = -2*c, 4 = -2*n + 5*c - 4*c. Suppose 0 = -n*r - 3*r + 69. Calculate the remainder when r is divided by 8.
7
Suppose -480 = -5*g + g. Suppose -g = -5*c - 0*c - 5*l, 0 = -l + 2. Let z(k) = 8*k**2 - k - 1. Calculate the remainder when c is divided by z(-1).
6
Suppose 2*k - 4*k + 2*c = -26, 0 = -5*k + 3*c + 69. What is the remainder when 73 is divided by k?
13
Let d(c) = 3*c**2 + 8*c + 9. Suppose 1 = u - 17. Calculate the remainder when d(-6) is divided by u.
15
Let i(y) = 2*y**2 + y + 2. What is the remainder when 11 is divided by i(0)?
1
Let q(m) be the third derivative of m**4/6 - m**3/6 - m**2. What is the remainder when 162/8 - 4/16 is divided by q(3)?
9
Let r(y) = -y**2 - 5*y + 6. Let j be r(-6). Suppose j*v - 8 = -4*v. What is the remainder when 4*(v - (-21)/(-12)) is divided by 1?
0
Let b = -16 - -38. Suppose -3*x + 7*x - 20 = 0. Let m = x + 3. What is the remainder when b is divided by m?
6
Suppose -w - 4*w = 0. Suppose w*a = -3*a + 9. Suppose 2*y = a*y - 8. What is the remainder when 13 is divided by y?
5
Suppose -11*p = -65 - 34. Calculate the remainder when 13 is divided by p.
4
Let p be 1 + 2 - 4 - 2. Let v = 8 + p. What is the remainder when 8 is divided by v?
3
What is the remainder when ((-150)/24)/(1/(-4)) is divided by 13?
12
Let t = -44 + 81. Suppose -5*i - r + t = 0, -2*i + 7*r = 2*r - 4. Calculate the remainder when 11 is divided by i.
4
Let m(g) = 2*g - 4. Let r be m(2). What is the remainder when (1 - r)*(3 - -52) is divided by 14?
13
Suppose 2*x + 140 = 4*i + 5*x, i + 2*x - 40 = 0. Calculate the remainder when 127 is divided by i.
31
Let i be 37 - -1 - (-3 + 5). Suppose -2*q - i = -110. What is the remainder when q is divided by (-1)/5 - (-66)/5?
11
Suppose -6*m - 3*m + 63 = 0. What is the remainder when 27 is divided by m?
6
Suppose -3*r + 73 = -4*l, -60 = -0*r - 2*r - 3*l. Suppose 2*p - r = 19. Calculate the remainder when p is divided by 13.
10
Suppose -537 = 69*p - 72*p. What is the remainder when p is divided by 45?
44
Let m = 6 + -1. Suppose -m = -3*h + 1. Suppose 0 = -2*k + 4 + 6. What is the remainder when k is divided by h?
1
Let v = 2 - -3. Calculate the remainder when v is divided by 4.
1
What is the remainder when 61 is divided by (-18)/(-81) - 446/36*-2?
11
Suppose 2*c + 0 = -w - 4, -w + 8 = -2*c. Let h be (0 - -3)*8/6. Suppose -w*d = h*f - 60, 3*f - 2 = -2*d + 53. Calculate the remainder when d is divided by 7.
6
Suppose -3*q = 3*o - 114, -56 = -3*q + 3*o + 52. Calculate the remainder when q is divided by 10.
7
Suppose -4*q + 34 + 6 = 0. Let j = 14 - q. What is the remainder when 6 is divided by j?
2
Let i be 6/(-9)*3 - -5. Suppose 2*w = -q - 6, -14 = -3*q + i*w - w. Suppose -q*m - 2 = -8. What is the remainder when m is divided by 2?
1
Suppose 2*f - 144 = 3*f. Let j be (3/(-6))/(2/f). Suppose 5*q - 54 = 4*d + 6, 3*q = -2*d + j. Calculate the remainder when 46 is divided by q.
10
Let p = -216 + 305. Calculate the remainder when p is divided by 45.
44
Let l(g) = 1. Let r(i) = -i**2 - i + 3. Let w(n) = 5*l(n) - r(n). Let d be w(4). Let y = d - 9. Calculate the remainder when 25 is divided by y.
12
Suppose -4*k - 2*i - 6 = -0*i, 0 = 5*i + 25. Calculate the remainder when ((-3)/6)/(k/(-58)) is divided by 10.
9
Let a(m) = -4*m + 14 + 2*m - m - m. Let u(i) = 7*i - 6. What is the remainder when a(-11) is divided by u(3)?
13
Suppose 0 = -4*j - 2*i + 340, 5*j = j - 4*i + 336. Calculate the remainder when j is divided by 22.
20
Let j = -42 + 22. Let y = j - -23. Calculate the remainder when 8 is divided by y.
2
Let l = 1 - 20. Suppose -5*w = -2*x - 22, -x - 14 = -3*w - 0*x. Calculate the remainder when 0 + 5 + -2 - l is divided by w.
4
Let z(g) = g**3 + 8*g**2 + 3*g + 1. Calculate the remainder when z(-6) is divided by 20.
15
Suppose -4*w = -5*d + 66, 18 - 48 = -d + 5*w. Let m = d + 2. Suppose -p + m = z, -p - z + 5*z = -32. Calculate the remainder when p is divided by 9.
7
Let r(c) = 4*c**3 - c**2 + 2*c + 1. Let a be r(2). Suppose v - 1 = 2*p + p, -a = -3*v - p. What is the remainder when 13 + (0 + -6)/(-1) is divided by v?
9
Suppose 3*h - 6 = 12. Let v(j) be the third derivative of -j**6/120 + j**5/12 + j**4/4 + 4*j**3/3 + j**2. What is the remainder when v(h) is divided by 5?
3
Let m(x) = -x**3 + 2*x**2 + 1. Calculate the remainder when m(-4) is divided by 25.
22
Let c(p) = 7*p - 8. Let x = -17 - -26. Calculate the remainder when c(6) is divided by x.
7
Calculate the remainder when 93 is divided by (1 - 5/(-15))/(2/51).
25
Suppose 7 = 2*z + a + 3, -2*a = 8. Let o(r) = -r**3 + 3*r**2 - 1. Let k be o(-2). Suppose -k = -z*x + 9. Calculate the remainder when 20 is divided by x.
6
Let d(g) = g**2 - 3*g + 2. Let t be d(3). What is the remainder when (1/3)/(t/156) is divided by 9?
8
Let a(k) = -k**3 + k**2 - k + 11. Let h be (-4)/(-6)*(-48)/1. Let z = 64 + h. What is the remainder when z is divided by a(0)?
10
Calculate the remainder when 31 is divided by 2/4 - ((-1386)/(-12))/(-11).
9
Let r be 3/(-15) + (-11)/(-5). Suppose -r*f + 180 = -0*f. Calculate the remainder when f is divided by 23.
21
What is the remainder when 788/10 + (-24)/5 + 5 is divided by 16?
15
Suppose 269 = 5*u + 24. Calculate the remainder when u is divided by 13.
10
Suppose -4*z = -3*a - 12, -a - 7 + 4 = -z. Suppose a*g = -3*g + 60. Let p(j) = -2*j**2 - 16*j + 7. Calculate the remainder when g is divided by p(-8).
6
Let a(c) = 3*c + 2. Let i be a(8). Let r = 40 - i. Let b(s) = s**3 + s + 5. What is the remainder when r is divided by b(0)?
4
Let f(o) = o - 3. Let a be f(5). Let s be 0/2*a/(-4). What is the remainder when (-2 - s)/(4/(-14)) is divided by 3?
1
Let u = 34 - 11